{"id":72,"date":"2022-05-23T19:17:24","date_gmt":"2022-05-23T17:17:24","guid":{"rendered":"https:\/\/restaurant-lecuyer.com\/?page_id=72"},"modified":"2026-01-24T11:13:47","modified_gmt":"2026-01-24T10:13:47","slug":"menu-midi-restaurant-lecuyer","status":"publish","type":"page","link":"https:\/\/restaurant-lecuyer.com\/index.php\/menu-midi-restaurant-lecuyer\/","title":{"rendered":"MENU MIDI &#038; SOIR"},"content":{"rendered":"\t\t<div data-elementor-type=\"wp-page\" data-elementor-id=\"72\" class=\"elementor elementor-72\">\n\t\t\t\t\t\t\t\t\t<section class=\"elementor-section elementor-top-section elementor-element elementor-element-2a54dcc7 elementor-section-height-min-height elementor-section-full_width elementor-section-height-default elementor-section-items-middle\" data-id=\"2a54dcc7\" data-element_type=\"section\" data-settings=\"{&quot;background_background&quot;:&quot;classic&quot;}\">\n\t\t\t\t\t\t\t<div class=\"elementor-background-overlay\"><\/div>\n\t\t\t\t\t\t\t<div class=\"elementor-container elementor-column-gap-no\">\n\t\t\t\t\t<div class=\"elementor-column elementor-col-100 elementor-top-column elementor-element elementor-element-218aceb5\" data-id=\"218aceb5\" data-element_type=\"column\">\n\t\t\t<div class=\"elementor-widget-wrap elementor-element-populated\">\n\t\t\t\t\t\t\t\t<div class=\"elementor-element elementor-element-49fbb7a9 elementor-invisible elementor-widget elementor-widget-heading\" data-id=\"49fbb7a9\" data-element_type=\"widget\" data-settings=\"{&quot;_animation&quot;:&quot;fadeIn&quot;,&quot;_animation_delay&quot;:200}\" data-widget_type=\"heading.default\">\n\t\t\t\t<div class=\"elementor-widget-container\">\n\t\t\t<style>\/*! elementor - v3.14.0 - 18-06-2023 *\/\n.elementor-heading-title{padding:0;margin:0;line-height:1}.elementor-widget-heading .elementor-heading-title[class*=elementor-size-]>a{color:inherit;font-size:inherit;line-height:inherit}.elementor-widget-heading .elementor-heading-title.elementor-size-small{font-size:15px}.elementor-widget-heading .elementor-heading-title.elementor-size-medium{font-size:19px}.elementor-widget-heading .elementor-heading-title.elementor-size-large{font-size:29px}.elementor-widget-heading .elementor-heading-title.elementor-size-xl{font-size:39px}.elementor-widget-heading .elementor-heading-title.elementor-size-xxl{font-size:59px}<\/style><h1 class=\"elementor-heading-title elementor-size-default\">Le Midi<\/h1>\t\t<\/div>\n\t\t\t\t<\/div>\n\t\t\t\t<div class=\"elementor-element elementor-element-5e12387b elementor-invisible elementor-widget elementor-widget-text-editor\" data-id=\"5e12387b\" data-element_type=\"widget\" data-settings=\"{&quot;_animation&quot;:&quot;fadeIn&quot;,&quot;_animation_delay&quot;:400}\" data-widget_type=\"text-editor.default\">\n\t\t\t\t<div class=\"elementor-widget-container\">\n\t\t\t<style>\/*! elementor - v3.14.0 - 18-06-2023 *\/\n.elementor-widget-text-editor.elementor-drop-cap-view-stacked .elementor-drop-cap{background-color:#69727d;color:#fff}.elementor-widget-text-editor.elementor-drop-cap-view-framed .elementor-drop-cap{color:#69727d;border:3px solid;background-color:transparent}.elementor-widget-text-editor:not(.elementor-drop-cap-view-default) .elementor-drop-cap{margin-top:8px}.elementor-widget-text-editor:not(.elementor-drop-cap-view-default) .elementor-drop-cap-letter{width:1em;height:1em}.elementor-widget-text-editor .elementor-drop-cap{float:left;text-align:center;line-height:1;font-size:50px}.elementor-widget-text-editor .elementor-drop-cap-letter{display:inline-block}<\/style>\t\t\t\t<p>Le chef vous concocte chaque semaine de nouveaux plats \u00e0 venir d\u00e9couvrir. De nouvelles sensations gustatives rien que pour vous !<\/p>\t\t\t\t\t\t<\/div>\n\t\t\t\t<\/div>\n\t\t\t\t\t<\/div>\n\t\t<\/div>\n\t\t\t\t\t\t\t<\/div>\n\t\t<\/section>\n\t\t\t\t<section class=\"elementor-section elementor-top-section elementor-element elementor-element-51f01f6f elementor-section-full_width elementor-section-height-default elementor-section-height-default\" data-id=\"51f01f6f\" data-element_type=\"section\" id=\"services\" data-settings=\"{&quot;background_background&quot;:&quot;classic&quot;}\">\n\t\t\t\t\t\t<div class=\"elementor-container elementor-column-gap-no\">\n\t\t\t\t\t<div class=\"elementor-column elementor-col-100 elementor-top-column elementor-element elementor-element-6c3e193a\" data-id=\"6c3e193a\" data-element_type=\"column\">\n\t\t\t<div class=\"elementor-widget-wrap elementor-element-populated\">\n\t\t\t\t\t\t\t\t<div class=\"elementor-element elementor-element-1b3f0855 elementor-widget__width-inherit elementor-view-default elementor-vertical-align-top elementor-invisible elementor-widget elementor-widget-icon-box\" data-id=\"1b3f0855\" data-element_type=\"widget\" data-settings=\"{&quot;_animation&quot;:&quot;fadeIn&quot;}\" data-widget_type=\"icon-box.default\">\n\t\t\t\t<div class=\"elementor-widget-container\">\n\t\t\t<link rel=\"stylesheet\" href=\"https:\/\/restaurant-lecuyer.com\/wp-content\/plugins\/elementor\/assets\/css\/widget-icon-box.min.css\">\t\t<div class=\"elementor-icon-box-wrapper\">\n\t\t\t\t\t\t<div class=\"elementor-icon-box-content\">\n\t\t\t\t<h3 class=\"elementor-icon-box-title\">\n\t\t\t\t\t<span  >\n\t\t\t\t\t\tLe <br>Midi*\t\t\t\t\t<\/span>\n\t\t\t\t<\/h3>\n\t\t\t\t\t\t\t<\/div>\n\t\t<\/div>\n\t\t\t\t<\/div>\n\t\t\t\t<\/div>\n\t\t\t\t<div class=\"elementor-element elementor-element-649d1bd elementor-widget__width-inherit elementor-widget elementor-widget-text-editor\" data-id=\"649d1bd\" data-element_type=\"widget\" data-widget_type=\"text-editor.default\">\n\t\t\t\t<div class=\"elementor-widget-container\">\n\t\t\t\t\t\t\t<p style=\"text-align: center;\"><strong>Entr\u00e9e-Plat-Dessert : 23 \u20ac<\/strong><br \/><strong>Entr\u00e9e-Plat ou Plat-Dessert : 19 \u20ac<\/strong><\/p>\t\t\t\t\t\t<\/div>\n\t\t\t\t<\/div>\n\t\t\t\t<div class=\"elementor-element elementor-element-ba10bda elementor-widget__width-inherit elementor-widget elementor-widget-text-editor\" data-id=\"ba10bda\" data-element_type=\"widget\" data-widget_type=\"text-editor.default\">\n\t\t\t\t<div class=\"elementor-widget-container\">\n\t\t\t\t\t\t\t<p style=\"text-align: center;\">Choix entre 2 entr\u00e9es<\/p><p style=\"text-align: center;\">Choix entre 2 plats<\/p><p style=\"text-align: center;\">Choix entre 2 desserts<\/p>\t\t\t\t\t\t<\/div>\n\t\t\t\t<\/div>\n\t\t\t\t<div class=\"elementor-element elementor-element-f25685e elementor-widget__width-inherit elementor-widget elementor-widget-text-editor\" data-id=\"f25685e\" data-element_type=\"widget\" data-widget_type=\"text-editor.default\">\n\t\t\t\t<div class=\"elementor-widget-container\">\n\t\t\t\t\t\t\t<p>*Sauf week-end et jours f\u00e9ri\u00e9s<\/p>\t\t\t\t\t\t<\/div>\n\t\t\t\t<\/div>\n\t\t\t\t<div class=\"elementor-element elementor-element-a33ec18 elementor-widget elementor-widget-spacer\" data-id=\"a33ec18\" data-element_type=\"widget\" data-widget_type=\"spacer.default\">\n\t\t\t\t<div class=\"elementor-widget-container\">\n\t\t\t<style>\/*! elementor - v3.14.0 - 18-06-2023 *\/\n.elementor-column .elementor-spacer-inner{height:var(--spacer-size)}.e-con{--container-widget-width:100%}.e-con-inner>.elementor-widget-spacer,.e-con>.elementor-widget-spacer{width:var(--container-widget-width,var(--spacer-size));--align-self:var(--container-widget-align-self,initial);--flex-shrink:0}.e-con-inner>.elementor-widget-spacer>.elementor-widget-container,.e-con-inner>.elementor-widget-spacer>.elementor-widget-container>.elementor-spacer,.e-con>.elementor-widget-spacer>.elementor-widget-container,.e-con>.elementor-widget-spacer>.elementor-widget-container>.elementor-spacer{height:100%}.e-con-inner>.elementor-widget-spacer>.elementor-widget-container>.elementor-spacer>.elementor-spacer-inner,.e-con>.elementor-widget-spacer>.elementor-widget-container>.elementor-spacer>.elementor-spacer-inner{height:var(--container-widget-height,var(--spacer-size))}<\/style>\t\t<div class=\"elementor-spacer\">\n\t\t\t<div class=\"elementor-spacer-inner\"><\/div>\n\t\t<\/div>\n\t\t\t\t<\/div>\n\t\t\t\t<\/div>\n\t\t\t\t\t<\/div>\n\t\t<\/div>\n\t\t\t\t\t\t\t<\/div>\n\t\t<\/section>\n\t\t\t\t\t\t\t<\/div>\n\t\t","protected":false},"excerpt":{"rendered":"<p>Le Midi Le chef vous concocte chaque semaine de nouveaux plats \u00e0 venir d\u00e9couvrir. De nouvelles sensations gustatives rien que pour vous ! Le Midi* Entr\u00e9e-Plat-Dessert : 23 \u20acEntr\u00e9e-Plat ou Plat-Dessert : 19 \u20ac Choix entre 2 entr\u00e9es Choix entre 2 plats Choix entre 2 desserts *Sauf week-end et jours f\u00e9ri\u00e9s<\/p>\n","protected":false},"author":1,"featured_media":0,"parent":0,"menu_order":0,"comment_status":"closed","ping_status":"closed","template":"elementor_header_footer","meta":{"site-sidebar-layout":"no-sidebar","site-content-layout":"page-builder","ast-global-header-display":"","ast-main-header-display":"","ast-hfb-above-header-display":"","ast-hfb-below-header-display":"","ast-hfb-mobile-header-display":"","site-post-title":"disabled","ast-breadcrumbs-content":"","ast-featured-img":"disabled","footer-sml-layout":"","theme-transparent-header-meta":"","adv-header-id-meta":"","stick-header-meta":"","header-above-stick-meta":"","header-main-stick-meta":"","header-below-stick-meta":"","footnotes":""},"class_list":["post-72","page","type-page","status-publish","hentry"],"yoast_head":"<!-- This site is optimized with the Yoast SEO plugin v20.9 - https:\/\/yoast.com\/wordpress\/plugins\/seo\/ -->\n<title>MENU MIDI &amp; SOIR -<\/title>\n<meta name=\"description\" content=\"Une envie de venir \u00e0 notre restaurant sur le temps du midi ? nous vous proposons un menu du midi\" \/>\n<meta name=\"robots\" content=\"index, follow, max-snippet:-1, max-image-preview:large, max-video-preview:-1\" \/>\n<link rel=\"canonical\" href=\"https:\/\/restaurant-lecuyer.com\/index.php\/menu-midi-restaurant-lecuyer\/\" \/>\n<meta property=\"og:locale\" content=\"fr_FR\" \/>\n<meta property=\"og:type\" content=\"article\" \/>\n<meta property=\"og:title\" content=\"MENU MIDI &amp; SOIR -\" \/>\n<meta property=\"og:description\" content=\"Une envie de venir \u00e0 notre restaurant sur le temps du midi ? nous vous proposons un menu du midi\" \/>\n<meta property=\"og:url\" content=\"https:\/\/restaurant-lecuyer.com\/index.php\/menu-midi-restaurant-lecuyer\/\" \/>\n<meta property=\"article:publisher\" content=\"https:\/\/m.facebook.com\/LecuyerTouques\" \/>\n<meta property=\"article:modified_time\" content=\"2026-01-24T10:13:47+00:00\" \/>\n<meta name=\"twitter:card\" content=\"summary_large_image\" \/>\n<meta name=\"twitter:label1\" content=\"Dur\u00e9e de lecture estim\u00e9e\" \/>\n\t<meta name=\"twitter:data1\" content=\"1 minute\" \/>\n<script type=\"application\/ld+json\" class=\"yoast-schema-graph\">{\"@context\":\"https:\/\/schema.org\",\"@graph\":[{\"@type\":\"WebPage\",\"@id\":\"https:\/\/restaurant-lecuyer.com\/index.php\/menu-midi-restaurant-lecuyer\/\",\"url\":\"https:\/\/restaurant-lecuyer.com\/index.php\/menu-midi-restaurant-lecuyer\/\",\"name\":\"MENU MIDI & SOIR -\",\"isPartOf\":{\"@id\":\"https:\/\/restaurant-lecuyer.com\/#website\"},\"datePublished\":\"2022-05-23T17:17:24+00:00\",\"dateModified\":\"2026-01-24T10:13:47+00:00\",\"description\":\"Une envie de venir \u00e0 notre restaurant sur le temps du midi ? nous vous proposons un menu du midi\",\"breadcrumb\":{\"@id\":\"https:\/\/restaurant-lecuyer.com\/index.php\/menu-midi-restaurant-lecuyer\/#breadcrumb\"},\"inLanguage\":\"fr-FR\",\"potentialAction\":[{\"@type\":\"ReadAction\",\"target\":[\"https:\/\/restaurant-lecuyer.com\/index.php\/menu-midi-restaurant-lecuyer\/\"]}]},{\"@type\":\"BreadcrumbList\",\"@id\":\"https:\/\/restaurant-lecuyer.com\/index.php\/menu-midi-restaurant-lecuyer\/#breadcrumb\",\"itemListElement\":[{\"@type\":\"ListItem\",\"position\":1,\"name\":\"Accueil\",\"item\":\"https:\/\/restaurant-lecuyer.com\/\"},{\"@type\":\"ListItem\",\"position\":2,\"name\":\"MENU MIDI &#038; SOIR\"}]},{\"@type\":\"WebSite\",\"@id\":\"https:\/\/restaurant-lecuyer.com\/#website\",\"url\":\"https:\/\/restaurant-lecuyer.com\/\",\"name\":\"\",\"description\":\"restaurant l&#039;\u00e9cuyer\",\"publisher\":{\"@id\":\"https:\/\/restaurant-lecuyer.com\/#organization\"},\"potentialAction\":[{\"@type\":\"SearchAction\",\"target\":{\"@type\":\"EntryPoint\",\"urlTemplate\":\"https:\/\/restaurant-lecuyer.com\/?s={search_term_string}\"},\"query-input\":\"required name=search_term_string\"}],\"inLanguage\":\"fr-FR\"},{\"@type\":\"Organization\",\"@id\":\"https:\/\/restaurant-lecuyer.com\/#organization\",\"name\":\"restaurant l'\u00e9cuyer\",\"url\":\"https:\/\/restaurant-lecuyer.com\/\",\"logo\":{\"@type\":\"ImageObject\",\"inLanguage\":\"fr-FR\",\"@id\":\"https:\/\/restaurant-lecuyer.com\/#\/schema\/logo\/image\/\",\"url\":\"https:\/\/restaurant-lecuyer.com\/wp-content\/uploads\/2022\/05\/LOGO-SITE-WEB_Plan-de-travail-1.png\",\"contentUrl\":\"https:\/\/restaurant-lecuyer.com\/wp-content\/uploads\/2022\/05\/LOGO-SITE-WEB_Plan-de-travail-1.png\",\"width\":2008,\"height\":1300,\"caption\":\"restaurant l'\u00e9cuyer\"},\"image\":{\"@id\":\"https:\/\/restaurant-lecuyer.com\/#\/schema\/logo\/image\/\"},\"sameAs\":[\"https:\/\/m.facebook.com\/LecuyerTouques\"]}]}<\/script>\n<!-- \/ Yoast SEO plugin. -->","yoast_head_json":{"title":"MENU MIDI & SOIR -","description":"Une envie de venir \u00e0 notre restaurant sur le temps du midi ? nous vous proposons un menu du midi","robots":{"index":"index","follow":"follow","max-snippet":"max-snippet:-1","max-image-preview":"max-image-preview:large","max-video-preview":"max-video-preview:-1"},"canonical":"https:\/\/restaurant-lecuyer.com\/index.php\/menu-midi-restaurant-lecuyer\/","og_locale":"fr_FR","og_type":"article","og_title":"MENU MIDI & SOIR -","og_description":"Une envie de venir \u00e0 notre restaurant sur le temps du midi ? nous vous proposons un menu du midi","og_url":"https:\/\/restaurant-lecuyer.com\/index.php\/menu-midi-restaurant-lecuyer\/","article_publisher":"https:\/\/m.facebook.com\/LecuyerTouques","article_modified_time":"2026-01-24T10:13:47+00:00","twitter_card":"summary_large_image","twitter_misc":{"Dur\u00e9e de lecture estim\u00e9e":"1 minute"},"schema":{"@context":"https:\/\/schema.org","@graph":[{"@type":"WebPage","@id":"https:\/\/restaurant-lecuyer.com\/index.php\/menu-midi-restaurant-lecuyer\/","url":"https:\/\/restaurant-lecuyer.com\/index.php\/menu-midi-restaurant-lecuyer\/","name":"MENU MIDI & SOIR -","isPartOf":{"@id":"https:\/\/restaurant-lecuyer.com\/#website"},"datePublished":"2022-05-23T17:17:24+00:00","dateModified":"2026-01-24T10:13:47+00:00","description":"Une envie de venir \u00e0 notre restaurant sur le temps du midi ? nous vous proposons un menu du midi","breadcrumb":{"@id":"https:\/\/restaurant-lecuyer.com\/index.php\/menu-midi-restaurant-lecuyer\/#breadcrumb"},"inLanguage":"fr-FR","potentialAction":[{"@type":"ReadAction","target":["https:\/\/restaurant-lecuyer.com\/index.php\/menu-midi-restaurant-lecuyer\/"]}]},{"@type":"BreadcrumbList","@id":"https:\/\/restaurant-lecuyer.com\/index.php\/menu-midi-restaurant-lecuyer\/#breadcrumb","itemListElement":[{"@type":"ListItem","position":1,"name":"Accueil","item":"https:\/\/restaurant-lecuyer.com\/"},{"@type":"ListItem","position":2,"name":"MENU MIDI &#038; SOIR"}]},{"@type":"WebSite","@id":"https:\/\/restaurant-lecuyer.com\/#website","url":"https:\/\/restaurant-lecuyer.com\/","name":"","description":"restaurant l&#039;\u00e9cuyer","publisher":{"@id":"https:\/\/restaurant-lecuyer.com\/#organization"},"potentialAction":[{"@type":"SearchAction","target":{"@type":"EntryPoint","urlTemplate":"https:\/\/restaurant-lecuyer.com\/?s={search_term_string}"},"query-input":"required name=search_term_string"}],"inLanguage":"fr-FR"},{"@type":"Organization","@id":"https:\/\/restaurant-lecuyer.com\/#organization","name":"restaurant l'\u00e9cuyer","url":"https:\/\/restaurant-lecuyer.com\/","logo":{"@type":"ImageObject","inLanguage":"fr-FR","@id":"https:\/\/restaurant-lecuyer.com\/#\/schema\/logo\/image\/","url":"https:\/\/restaurant-lecuyer.com\/wp-content\/uploads\/2022\/05\/LOGO-SITE-WEB_Plan-de-travail-1.png","contentUrl":"https:\/\/restaurant-lecuyer.com\/wp-content\/uploads\/2022\/05\/LOGO-SITE-WEB_Plan-de-travail-1.png","width":2008,"height":1300,"caption":"restaurant l'\u00e9cuyer"},"image":{"@id":"https:\/\/restaurant-lecuyer.com\/#\/schema\/logo\/image\/"},"sameAs":["https:\/\/m.facebook.com\/LecuyerTouques"]}]}},"_links":{"self":[{"href":"https:\/\/restaurant-lecuyer.com\/index.php\/wp-json\/wp\/v2\/pages\/72","targetHints":{"allow":["GET"]}}],"collection":[{"href":"https:\/\/restaurant-lecuyer.com\/index.php\/wp-json\/wp\/v2\/pages"}],"about":[{"href":"https:\/\/restaurant-lecuyer.com\/index.php\/wp-json\/wp\/v2\/types\/page"}],"author":[{"embeddable":true,"href":"https:\/\/restaurant-lecuyer.com\/index.php\/wp-json\/wp\/v2\/users\/1"}],"replies":[{"embeddable":true,"href":"https:\/\/restaurant-lecuyer.com\/index.php\/wp-json\/wp\/v2\/comments?post=72"}],"version-history":[{"count":6,"href":"https:\/\/restaurant-lecuyer.com\/index.php\/wp-json\/wp\/v2\/pages\/72\/revisions"}],"predecessor-version":[{"id":2682,"href":"https:\/\/restaurant-lecuyer.com\/index.php\/wp-json\/wp\/v2\/pages\/72\/revisions\/2682"}],"wp:attachment":[{"href":"https:\/\/restaurant-lecuyer.com\/index.php\/wp-json\/wp\/v2\/media?parent=72"}],"curies":[{"name":"wp","href":"https:\/\/api.w.org\/{rel}","templated":true}]}}